at is the millions digit of 46210058?
6
What is the hundred thousands digit of 90966698?
9
What is the hundred thousands digit of 237701036?
7
What is the millions digit of 201608082?
1
What is the millions digit of 371780252?
1
What is the thousands digit of 151031081?
1
What is the millions digit of 2716706350?
6
What is the hundreds digit of 13886603?
6
What is the tens digit of 3445072?
7
What is the thousands digit of 83633356?
3
What is the ten thousands digit of 2671700364?
0
What is the hundred thousands digit of 152999315?
9
What is the thousands digit of 73788042?
8
What is the billions digit of 2542725859?
2
What is the hundred millions digit of 6630648011?
6
What is the thousands digit of 60138625?
8
What is the billions digit of 7359090316?
7
What is the millions digit of 9863569?
9
What is the hundred millions digit of 170604291?
1
What is the thousands digit of 12967642?
7
What is the hundreds digit of 1008683403?
4
What is the tens digit of 3264234373?
7
What is the thousands digit of 268153489?
3
What is the thousands digit of 225108693?
8
What is the ten thousands digit of 308334035?
3
What is the hundred thousands digit of 71803543?
8
What is the hundred thousands digit of 5790965?
7
What is the thousands digit of 1297945465?
5
What is the hundreds digit of 799767829?
8
What is the hundreds digit of 82231181?
1
What is the hundred thousands digit of 3036736318?
7
What is the units digit of 298511814?
4
What is the hundred thousands digit of 50022189?
0
What is the millions digit of 84657577?
4
What is the hundreds digit of 64982853?
8
What is the thousands digit of 33625970?
5
What is the tens digit of 138485303?
0
What is the thousands digit of 104966995?
6
What is the tens digit of 1767336629?
2
What is the thousands digit of 1346810?
6
What is the hundred thousands digit of 78149973?
1
What is the hundred thousands digit of 3478436530?
4
What is the millions digit of 537989028?
7
What is the hundreds digit of 65458381?
3
What is the millions digit of 643025634?
3
What is the hundred millions digit of 235311610?
2
What is the ten millions digit of 57255556?
5
What is the units digit of 196590855?
5
What is the ten millions digit of 180654339?
8
What is the ten thousands digit of 4848328626?
2
What is the ten thousands digit of 3107891164?
9
What is the hundred thousands digit of 21815369?
8
What is the millions digit of 520975961?
0
What is the thousands digit of 526789706?
9
What is the ten millions digit of 1107226492?
0
What is the ten millions digit of 4078539369?
7
What is the hundred thousands digit of 182593129?
5
What is the hundred thousands digit of 307219404?
2
What is the hundred millions digit of 803313241?
8
What is the hundred thousands digit of 328283127?
2
What is the tens digit of 76599790?
9
What is the millions digit of 407234508?
7
What is the millions digit of 106445844?
6
What is the thousands digit of 943877904?
7
What is the millions digit of 1647272311?
7
What is the tens digit of 175430461?
6
What is the ten millions digit of 520035883?
2
What is the thousands digit of 3181346?
1
What is the hundreds digit of 21176247?
2
What is the millions digit of 659479936?
9
What is the tens digit of 424574525?
2
What is the ten thousands digit of 177363333?
6
What is the units digit of 304125047?
7
What is the tens digit of 44352695?
9
What is the tens digit of 1037299976?
7
What is the thousands digit of 54669007?
9
What is the millions digit of 209247428?
9
What is the hundred thousands digit of 22461568?
4
What is the units digit of 57601149?
9
What is the thousands digit of 1205061889?
1
What is the hundreds digit of 237867976?
9
What is the hundred millions digit of 256948209?
2
What is the thousands digit of 35042456?
2
What is the thousands digit of 195966936?
6
What is the units digit of 1861196388?
8
What is the tens digit of 7175512?
1
What is the millions digit of 151904247?
1
What is the ten millions digit of 129805275?
2
What is the hundred millions digit of 223199570?
2
What is the millions digit of 62238423?
2
What is the hundred thousands digit of 551358550?
3
What is the ten thousands digit of 7016034364?
3
What is the tens digit of 7052556847?
4
What is the billions digit of 1238402927?
1
What is the hundred thousands digit of 104712858?
7
What is the units digit of 14466311?
1
What is the hundred thousands digit of 46756218?
7
What is the ten millions digit of 1270033723?
7
What is the units digit of 8225922?
2
What is the hundred thousands digit of 801809581?
8
What is the thousands digit of 28060207?
0
What is the hundreds digit of 358348481?
4
What is the hundred millions digit of 184363102?
1
What is the units digit of 17006134?
4
What is the tens digit of 2598527676?
7
What is the hundred millions digit of 569288380?
5
What is the ten thousands digit of 103260217?
6
What is the ten millions digit of 36110724?
3
What is the hundred millions digit of 755615588?
7
What is the hundred millions digit of 126452705?
1
What is the units digit of 26012007?
7
What is the hundred millions digit of 123959181?
1
What is the thousands digit of 269791796?
1
What is the tens digit of 682202580?
8
What is the ten millions digit of 76315529?
7
What is the ten millions digit of 53666731?
5
What is the ten thousands digit of 3679029835?
2
What is the tens digit of 3452858985?
8
What is the millions digit of 294711297?
4
What is the tens digit of 867470929?
2
What is the hundred millions digit of 889190680?
8
What is the hundred thousands digit of 9020194?
0
What is the ten millions digit of 62397622?
6
What is the hundred millions digit of 677569966?
6
What is the millions digit of 112551362?
2
What is the billions digit of 1828232347?
1
What is the units digit of 168910078?
8
What is the tens digit of 617837669?
6
What is the hundred thousands digit of 85521714?
5
What is the millions digit of 57623555?
7
What is the ten thousands digit of 745220345?
2
What is the ten thousands digit of 44860973?
6
What is the tens digit of 565616662?
6
What is the hundred millions digit of 123443667?
1
What is the tens digit of 421813639?
3
What is the hundreds digit of 2359689888?
8
What is the ten thousands digit of 61081994?
8
What is the ten thousands digit of 1869590341?
9
What is the ten millions digit of 636119320?
3
What is the hundred millions digit of 444677134?
4
What is the hundreds digit of 58795658?
6
What is the billions digit of 1771905843?
1
What is the hundred thousands digit of 293121942?
1
What is the hundreds digit of 55462601?
6
What is the thousands digit of 1807245176?
5
What is the hundreds digit of 248070839?
8
What is the units digit of 3701621639?
9
What is the thousands digit of 64267786?
7
What is the tens digit of 159406417?
1
What is the tens digit of 1195765800?
0
What is the units digit of 141086004?
4
What is the units digit of 1211860473?
3
What is the millions digit of 8584863?
8
What is the hundred millions digit of 2269890298?
2
What is the hundred millions digit of 3637551957?
6
What is the hundreds digit of 99216433?
4
What is the ten thousands digit of 465424729?
2
What is the ten millions digit of 74041667?
7
What is the ten thousands digit of 38203475?
0
What is the units digit of 23099224?
4
What is the millions digit of 337671856?
7
What is the thousands digit of 54621076?
1
What is the units digit of 224860257?
7
What is the hundred thousands digit of 62042184?
0
What is the ten thousands digit of 43208753?
0
What is the hundreds digit of 4385463408?
4
What is the ten thousands digit of 56891191?
9
What is the ten thousands digit of 2874119?
7
What is the ten thousands digit of 89426977?
2
What is the ten millions digit of 82681198?
8
What is the millions digit of 496162366?
6
What is the tens digit of 36741844?
4
What is the units digit of 6597835745?
5
What is the millions digit of 57628279?
7
What is the hundreds digit of 469392958?
9
What is the thousands digit of 71417326?
7
What is the millions digit of 206177860?
6
What is the hundred millions digit of 224410107?
2
What is the hundred thousands digit of 17670159?
6
What is the tens digit of 46007570?
7
What is the hundred thousands digit of 41871573?
8
What is the hundred millions digit of 148404033?
1
What is